 of 15140?
False
Is 1232542 a multiple of 92?
False
Is 109837 a multiple of 13?
True
Is 221453 a multiple of 17?
False
Is 20654 a multiple of 24?
False
Is 13 a factor of 2705468?
False
Does 117 divide 69381?
True
Does 8 divide 1987704?
True
Is 373070 a multiple of 10?
True
Does 25 divide 1519086?
False
Is 133551 a multiple of 419?
False
Is 22 a factor of 241123?
False
Does 8 divide 235008?
True
Is 31 a factor of 984461?
False
Is 58 a factor of 177090?
False
Is 15 a factor of 3396018?
False
Is 344784 a multiple of 24?
True
Is 1216770 a multiple of 15?
True
Is 21 a factor of 6408338?
False
Is 81674 a multiple of 5?
False
Is 15516101 a multiple of 398?
False
Does 399 divide 152019?
True
Is 10111258 a multiple of 21?
False
Does 157 divide 110685?
True
Is 5 a factor of 66330?
True
Does 25 divide 25550?
True
Does 22 divide 89342?
True
Is 82974 a multiple of 6?
True
Does 71 divide 48527?
False
Is 12793649 a multiple of 11?
True
Does 429 divide 372372?
True
Does 15 divide 112496?
False
Is 10 a factor of 227330?
True
Is 656 a factor of 664528?
True
Is 283515 a multiple of 205?
True
Is 568142 a multiple of 142?
True
Does 57 divide 32775?
True
Is 50 a factor of 6570000?
True
Is 422004 a multiple of 132?
True
Does 172 divide 27348?
True
Does 77 divide 246?
False
Is 33104 a multiple of 45?
False
Does 662 divide 662662?
True
Does 50 divide 253350?
True
Is 22 a factor of 27016?
True
Is 1299510 a multiple of 9?
True
Does 27 divide 168516?
False
Is 7303054 a multiple of 1384?
False
Does 336 divide 175381?
False
Does 419 divide 5266850?
False
Is 941 a factor of 10319916?
False
Is 52 a factor of 294580?
True
Is 17952714 a multiple of 153?
True
Does 22 divide 32714?
True
Does 6 divide 2730492?
True
Is 21 a factor of 80967?
False
Is 14 a factor of 6123880?
True
Does 2 divide 15753?
False
Is 813 a factor of 809515?
False
Is 1107036 a multiple of 17?
False
Does 12 divide 3461748?
True
Does 8 divide 280225?
False
Is 13782526 a multiple of 313?
False
Is 93 a factor of 8352176?
False
Does 296 divide 79328?
True
Is 6 a factor of 786533?
False
Is 28 a factor of 5245?
False
Is 206376 a multiple of 12?
True
Is 369 a factor of 1459456?
False
Does 15 divide 876660?
True
Does 125 divide 417019?
False
Is 181 a factor of 111134?
True
Is 14 a factor of 47511?
False
Does 42 divide 6999090?
True
Is 30197 a multiple of 157?
False
Is 127082 a multiple of 20?
False
Is 23 a factor of 140786?
False
Is 123972 a multiple of 26?
False
Is 108852 a multiple of 12?
True
Is 38799 a multiple of 81?
True
Is 130594 a multiple of 23?
True
Is 7 a factor of 661052?
True
Is 335838 a multiple of 669?
True
Is 21656 a multiple of 2?
True
Is 77 a factor of 91774?
False
Is 677869 a multiple of 17?
False
Does 164 divide 196721?
False
Is 91408 a multiple of 58?
True
Is 156 a factor of 834721?
False
Does 14 divide 204987?
False
Is 5 a factor of 1305?
True
Does 256 divide 6115072?
True
Is 494 a factor of 63164?
False
Is 2040779 a multiple of 143?
False
Is 431 a factor of 1426179?
True
Is 14 a factor of 646252?
False
Is 96 a factor of 272256?
True
Is 124283 a multiple of 49?
False
Is 937 a factor of 1334192?
False
Does 210 divide 104370?
True
Does 1127 divide 16216403?
True
Is 304961 a multiple of 91?
False
Does 43 divide 158336?
False
Does 44 divide 163920?
False
Is 125495 a multiple of 10?
False
Does 5 divide 183908?
False
Is 101 a factor of 883447?
True
Is 34 a factor of 11040718?
True
Is 8 a factor of 452752?
True
Does 13 divide 3238781?
True
Is 150448 a multiple of 10?
False
Is 2545553 a multiple of 112?
False
Does 238 divide 2075254?
False
Does 381 divide 370332?
True
Does 16 divide 36416?
True
Is 430 a factor of 98611?
False
Is 66 a factor of 13384?
False
Does 27 divide 22941?
False
Is 40 a factor of 357470?
False
Does 166 divide 33366?
True
Does 1336 divide 6414195?
False
Is 7 a factor of 224728?
True
Is 294300 a multiple of 36?
True
Is 13 a factor of 6462495?
True
Does 328 divide 4907869?
False
Is 3 a factor of 43984?
False
Does 140 divide 714388?
False
Is 24 a factor of 250488?
True
Is 18 a factor of 1165356?
True
Is 12406064 a multiple of 339?
False
Does 237 divide 1253730?
True
Is 261 a factor of 865313?
False
Is 143760 a multiple of 12?
True
Is 272279 a multiple of 637?
False
Is 1071 a factor of 13328595?
True
Is 79 a factor of 13587447?
True
Does 482 divide 35668?
True
Does 145 divide 7830?
True
Does 82 divide 5897440?
True
Does 8 divide 293129?
False
Is 1373 a factor of 9076903?
True
Is 21 a factor of 2209305?
True
Is 180314 a multiple of 88?
False
Is 1124379 a multiple of 4?
False
Is 29 a factor of 445942?
False
Does 36 divide 405470?
False
Is 1820112 a multiple of 7?
True
Does 175 divide 1019025?
True
Is 20949738 a multiple of 62?
True
Is 5487384 a multiple of 24?
True
Is 19777200 a multiple of 200?
True
Does 212 divide 1185283?
False
Does 77 divide 5523980?
True
Is 1115316 a multiple of 51?
False
Does 63 divide 5958036?
True
Is 2206373 a multiple of 3?
False
Does 310 divide 60624?
False
Is 726958 a multiple of 79?
True
Is 23256 a multiple of 136?
True
Is 97 a factor of 837595?
True
Is 6334390 a multiple of 380?
False
Is 143214 a multiple of 5?
False
Is 141778 a multiple of 434?
False
Is 237974 a multiple of 3?
False
Is 960 a factor of 483840?
True
Is 1037563 a multiple of 84?
False
Is 52877 a multiple of 121?
True
Is 189 a factor of 1531167?
False
Is 2406426 a multiple of 209?
True
Is 9080518 a multiple of 28?
False
Does 14 divide 46874?
False
Is 337842 a multiple of 9?
True
Is 3092436 a multiple of 12?
True
Does 97 divide 1372938?
True
Does 530 divide 428241?
False
Is 197103 a multiple of 44?
False
Does 44 divide 99748?
True
Is 4 a factor of 20573?
False
Is 111011 a multiple of 31?
True
Does 22 divide 481002?
False
Does 472 divide 1731768?
True
Is 6838632 a multiple of 24?
True
Does 37 divide 34895?
False
Does 72 divide 7830360?
True
Is 291 a factor of 1131544?
False
Is 7 a factor of 104720?
True
Does 29 divide 8503012?
False
Is 972345 a multiple of 165?
True
Is 12643260 a multiple of 54?
False
Is 6 a factor of 44145?
False
Is 1654800 a multiple of 48?
True
Is 11 a factor of 419243?
True
Is 7 a factor of 4598321?
True
Does 22 divide 97966?
True
Does 314 divide 2406182?
True
Does 13 divide 124852?
True
Is 26 a factor of 10894?
True
Does 16 divide 896912?
True
Does 506 divide 169004?
True
Is 248573 a multiple of 327?
False
Is 423 a factor of 1848727?
False
Is 192 a factor of 713280?
True
Is 6 a factor of 8460882?
True
Is 75 a factor of 79774?
False
Does 5 divide 52630?
True
Does 303 divide 450864?
True
Does 76 divide 2622760?
True
Is 83464 a multiple of 7?
False
Is 48 a factor of 46704?
True
Does 13 divide 624481?
True
Is 677551 a multiple of 43?
True
Is 14 a factor of 155736?
True
Does 194 divide 1046917?
False
Is 11127315 a multiple of 15?
True
Is 110100 a multiple of 75?
True
Does 20 divide 808760?
True
Is 1304106 a multiple of 11?
False
Is 20 a factor of 7000?
True
Is 86 a factor of 246992?
True
Does 80 divide 102515?
False
Is 1163277 a multiple of 261?
True
Is 11 a factor of 695239?
False
Is 94746 a multiple of 16?
False
Does 36 divide 201852?
True
Is 23 a factor of 27715?
True
Is 23 a factor of 153410?
True
Is 12 a factor of 4816004?
False
Is 158 a factor of 1338850?
False
Is 3034091 a multiple of 23?
True
Is 31 a factor of 8375549?
True
Does 51 divide 57090?
False
Does 23 divide 1274580?
False
Does 75 divide 73872?
False
Is 12 a factor of 5362982?
False
Is 167373 a multiple of 320?
False
Is 3 a factor of 370340?
False
Is 24125 a multiple of 9?
False
Is 19964725 a multiple of 1092?
False
Is 39579 a multiple of 4?
False
Does 53 divide 616806?
False
Does 622 divide 7897534?
True
Is 253296 a multiple of 72?
True
Does 26 divide 283400?
True
Does 28 divide 184517?
False
Is 385365 a multiple of 19?
False
Is 9358735 a multiple of 817?
True
Is 860556 a multiple of 17?
False
Does 13 divide 4208378?
False
Is 9869906 a multiple of 13?
False
Does 6 divide 2002055?
False
Does 77 divide 1294912?
False
Is 97 a factor of 88464?
True
Does 36 divide 192355?
False
Is 11 a factor of 153903?
False
Is 12 a factor of 164448?
True
Does 1204 divide 33941964?
True
Is 4225699 a multiple of 94?
False
Is 36 a factor of 453143?
False
Is 75393 a multiple of 9?
True
Does 349 divide 702886?
True
Is 19397 a multipl